2 - o - 2. Let f(p) = z*l(p) + 4*i(p). Give f(-5).
-7
Let f(b) = b**3 - 5*b**2 - 1. Let w = 3 + -4. Let j be (-8 + -2)/(2/w). Suppose j*i - 10 = 3*i. Calculate f(i).
-1
Let f be (2 + 18)/5 + 2 + 2. Let n(k) = -k**3 + 7*k**2 + 7*k - 3. Calculate n(f).
-11
Let f be (-351)/(-65) + (-2)/5. Let u(y) = 5*y**2 + 16*y - 6. Let c(a) = -2*a**2 - 8*a + 3. Let j(b) = 7*c(b) + 3*u(b). What is j(f)?
-12
Let u(s) = 88 - s - 88 + 6*s. Calculate u(1).
5
Suppose -10*w + 14*w - 16 = 0. Let k(y) = 8*y - 3*y - 10 + 4. Give k(w).
14
Let b(f) be the first derivative of -2*f**2 + 50. Determine b(-1).
4
Let k(h) = -h**3 + 2*h**2 + 4*h - 1. Let q be (-2)/(-1)*30/20. Give k(q).
2
Let t(a) be the third derivative of 1/60*a**5 - 1/120*a**6 - 1/24*a**4 - a**2 - 2/3*a**3 + 0*a + 0. Let g be 0/(-3*(2 + 4/(-4))). Give t(g).
-4
Let w(n) = -4*n + 2. Suppose -5*q = -3*m - 7, 0*q - 6 = 2*m - 2*q. Calculate w(m).
18
Let d(c) be the third derivative of 0 + 0*c**3 + 0*c**4 - c**2 - 1/60*c**5 + 0*c - 1/40*c**6. Calculate d(1).
-4
Let h be (-3)/2*4/(-3). Let b be 6 - (-3)/(h/(-2)). Let r(c) = c - 6. Determine r(b).
-3
Let n(d) = -2*d - 4. Let a(l) = l + 3. Let h(x) = 3*a(x) + 2*n(x). Let k(r) = -r**3 + 2*r**2 + r - 1. Let z be k(-2). Let v = z + -17. Determine h(v).
5
Suppose 0*b - 12 = 2*b. Let f(x) = -x. Determine f(b).
6
Let o(f) = -15*f**2 - f. Suppose 4 = -3*n - n. Calculate o(n).
-14
Let q(h) = 2*h - 3. Let o be q(4). Suppose 4*w - o = -w. Let k(u) = 2*u**2 - 4 - 6*u**2 - 2*u + 5. What is k(w)?
-5
Let i(k) = k**3 - 4*k**2 - 4*k - 2. Let x = 16 - 9. Let t = x + -2. Give i(t).
3
Let y(n) be the third derivative of 1/24*n**4 - 1/60*n**5 + 9*n**2 + 0*n - 1/3*n**3 + 0. Give y(3).
-8
Let p(b) = -b**3 + b**2 + b. Let v be 21 + (-2 - -1 - -2). Suppose 6 = 4*t - v. Let u = t + -5. What is p(u)?
-2
Let t(f) = f**3 - f**2 - f + 1. Let q be t(0). Let v(g) be the second derivative of -g**5/10 + g**4/12 - g**3/6 + g. Determine v(q).
-2
Let v(n) = n**3 + 2*n**2 + 2*n + 1. Let l be v(-1). Let i(s) = -5*s + 134*s**2 - s**3 + 4*s - 3 - 133*s**2. Determine i(l).
-3
Let z = -96 + 93. Let i(l) = -2*l**2 - l + 3. Calculate i(z).
-12
Let u(s) = s**2 + 5*s + 4. Let r(j) = -9*j**2 - j - j**2 - j**2. Let f be r(-1). Let k be f/45 - (-86)/(-18). What is u(k)?
4
Let x(f) = 10*f**2 + 24*f + 15. Let l(z) = -7*z**2 - 16*z - 10. Let y(n) = 7*l(n) + 5*x(n). Calculate y(-7).
-2
Let o(f) = 5*f**2 + f. Let z be (-16)/28 + 6/(-14). What is o(z)?
4
Let s be (4/(-6))/((-4)/6). Let k(r) be the second derivative of 0*r**2 + 1/3*r**3 + 0 + 3*r. Determine k(s).
2
Let l(x) be the third derivative of -1/3*x**3 + 1/12*x**4 + 0 - x**2 + 0*x - 1/60*x**5. Calculate l(3).
-5
Let c(v) be the second derivative of -v**4/12 + 4*v**3/3 - 4*v**2 + 23*v. Give c(7).
-1
Suppose 2*v - 14 = 4*d, 5*d + 4*v - 10 = -47. Let r(k) = k**2 + 4*k - 2. Let a be r(d). Let y(p) = -3*p**2 - p - 3 + a*p**3 - 3*p - 4*p**3. What is y(-2)?
1
Let f(p) = 2*p**2 - 3*p**2 + 6*p - 10 + 2*p**2 + 11. Determine f(-3).
-8
Let d(u) = -u**3 + 2*u**2 + u + 4. Let g be d(3). Let q be (-4)/(-6) + (-8)/(-6). Let w(j) = 1 - j + j + 2*j - j**q. Determine w(g).
-7
Let d(b) be the third derivative of b**4/3 - b**3/6 - 11*b**2. Suppose -m = -4 + 3. Give d(m).
7
Let q(o) = -o**3 + 5*o**2 + 5*o + 3. Let s(z) = -2*z**3 + 5*z**2 + 6*z + 3. Let n(r) = -3*r + 3. Let p be n(2). Let i(j) = p*q(j) + 2*s(j). Determine i(-4).
-7
Let v(r) be the second derivative of -r**4/12 - 5*r**3/6 - 2*r**2 - 8*r. What is v(-3)?
2
Suppose 5*v - l - 21 = 0, -5*l = -v - 19 + 4. Let m(t) = -t**2 - 10. Let k(b) = -b - 1. Let o(a) = v*k(a) - m(a). Give o(5).
5
Suppose 5*l - 15 = 5*j, 2*j = -2*j - 5*l + 24. Let g(s) = -4*s**2 - 2*s + 1. What is g(j)?
-5
Let r(h) be the third derivative of h**5/30 + h**4/8 - 5*h**2. What is r(-2)?
2
Let n(b) = 4*b**3 - 3*b**2 - b - 4. Let x(h) = -5*h**3 + 4*h**2 + 2*h + 5. Let d(u) = -4*n(u) - 3*x(u). Calculate d(1).
-2
Suppose -15*f = -17*f. Let j(m) be the second derivative of -1/2*m**2 + 3*m + 1/6*m**3 + f + 5/12*m**4. Calculate j(1).
5
Let d(f) = -2*f**2 - 8*f - 3. Let z be d(-3). Let k(a) = 3*a**2 - 4*a**2 - a**z + 0 + 3 - a + 8. Give k(0).
11
Let o(z) = -z**3 - 6*z**2 - 6*z - 1. Suppose -3*f - 20 = -8*f. Suppose -3*a - 6 = -2*x + 5*x, -f = -a - 4*x. Determine o(a).
-9
Let b = -33 + 40. Let r(c) = -c + 14. Determine r(b).
7
Let m(j) = -14 - j + 28 - 7. Determine m(5).
2
Let o(z) = -1 + z**3 + 6*z**2 + 8*z + 5 + 2. Let w = 8 + -4. Suppose 22 = -w*v + 2. Determine o(v).
-9
Let c = -8 - -11. Let j(s) be the second derivative of -s**4/12 + 3*s**2/2 - 4*s. Calculate j(c).
-6
Let r(i) = -i**2 + 2. Let x be (-1 - 0) + (-2 - (-3)/3). Determine r(x).
-2
Let m(t) = t**3 - 2*t + 2. Let o = 1 + 7. Let f be 16/(-24)*(0 + 9). Let a = o + f. Calculate m(a).
6
Suppose 3*l = -1 + 13, 4*l - 8 = -2*q. Let n(u) be the second derivative of 5*u - 3/2*u**2 - 1/12*u**4 + 0 - u**3. What is n(q)?
5
Suppose -s = -p + 1, -s + 4*s + 3 = 2*p. Let y = -19 - -19. Let g(x) = -7 + x**2 - 1 + 5 + x + y. Determine g(p).
-3
Let b(o) = o**2 - 10*o + 13. Let k be b(7). Let i(s) = s**3 + 7*s**2 - 9*s - 9. Give i(k).
-1
Let v(z) = z - 2. Let l(r) = -r**2 - 15*r - 7. Let o be l(-12). Suppose 0 = 24*h - o*h + 10. Determine v(h).
0
Let p be (-2)/(-8) + 33/12. Suppose 0 = -4*i - 2*j - 14, -12 = p*i - j + 3*j. Let x(q) be the first derivative of q**2/2 + 3*q - 7. Give x(i).
1
Let y(d) = -d**3 - d. Let p(n) = -5*n**3 - 7*n**2 - 10*n + 6. Let s(l) = -p(l) + 4*y(l). Suppose -4*g + 5*h = 3*h + 24, 4*g = -4*h - 24. Calculate s(g).
-6
Suppose -3*u - 81 = -3*j, 2*u + j + 4*j + 33 = 0. Let n be (u/16)/(3/16). Let s be (-12)/n*4/(-6). Let h(t) = -t. What is h(s)?
1
Suppose p + 23 = -5*m - 3*p, 3*p = 2*m. Let q(g) = -g**3 - 3*g**2 - 3*g - 4. Give q(m).
5
Let n(k) = k**3 + 6*k**2 - 8*k - 12. Let u be n(-7). Let j(c) = -c - 1. What is j(u)?
4
Suppose 3*b + 3*m = 6, 0*b + 6 = 3*b - 4*m. Suppose -h - 8 = -5*g, -b*h + 9 = 3*g - 1. Suppose -7*x + h*x = 0. Let t(f) = f - 6. Determine t(x).
-6
Let y(x) be the third derivative of 0*x + 1/24*x**4 + 0 + 1/3*x**3 - 2*x**2. Let v be (-1 - (3 + -4))/(-2). Calculate y(v).
2
Let c(t) = 3*t**3 + t**2 - 1. Let l = -16 + 24. Suppose l = -2*o + 3*m - 2, -6 = -2*o - m. Give c(o).
3
Let f(k) = -2*k + 1. Suppose -2*o + 4*o = -14. Let g = -11 - o. Determine f(g).
9
Suppose 0 = -5*h - 3*i + 26 - 0, 5*h = 3*i + 14. Let y(u) = -u + 9. Determine y(h).
5
Suppose 2*v - 6 = 4, -2*a + 27 = 3*v. Let x(m) = -4*m + 2*m + 7*m**2 - m**3 + 4 - 4*m. Determine x(a).
4
Let i(j) = -j**2 + 4*j - 9. Let s(k) = 2*k**2 - 3*k + 10. Let t(p) = 3*i(p) + 2*s(p). What is t(-6)?
-7
Let t(y) be the second derivative of -5*y**3/6 - y**2 + 14*y. Determine t(-2).
8
Suppose 2*i = i + 3*u - 1, 5*u + 17 = -3*i. Let p(q) be the second derivative of -q**5/20 - q**4/3 - q**3/6 + q. Determine p(i).
4
Let j(p) = -64 + 64 - p**2 + p - p**3. Let r be j(-2). Let m(y) = 3*y**2 - y - 2. What is m(r)?
8
Let w(g) = 44*g + 11. Let u(d) = -15*d - 4. Let v(h) = 11*u(h) + 4*w(h). Calculate v(1).
11
Let j(a) = a + 42 - 41 - a**3 + 3*a**2 + 3*a. Give j(4).
1
Let j(n) = -n**2 - n. Suppose -4*d = -5*p + 22, 5*d + p = 6*p - 25. Determine j(d).
-6
Let c be -1 - 3*2 - -1. Let y be (-3)/(1 + 9/c). Let f(a) = y + 7*a + 0*a**2 + a**2 - a. Give f(-5).
1
Let i(p) = 22 + p**2 - 2*p - 15 + 0*p - 3*p. Give i(6).
13
Let t(q) be the third derivative of -q**4/8 - q**3/6 + 7*q**2. Give t(-3).
8
Let b(f) = -f**2 - 7*f - 5. Let q = 28 - -17. Suppose 5*o + q = 4*z, 5 + 10 = -o + 2*z. Give b(o).
5
Let b(f) = f**3 + 3*f**2 - f. Let z(w) = -2*w**3 - 5*w**2 + 3*w - 1. Let q(l) = -5*b(l) - 2*z(l). Calculate q(-5).
7
Let g(x) = 2*x**3 + 4*x + 4 - 6 - 2*x**2 - 2*x**2. Let w(t) = -t**2 - t. Let r(h) = -2*h**2 + 3*h + 7. Let k(m) = r(m) - 3*w(m). Let o be k(-5). Give g(o).
6
Let a = -39 + 33. Let h(t) = -6*t**3 + 13*t**2 - 7*t - 1. Let k(x) = -5*x**3 + 12*x**2 - 6*x - 1. Let q(v) = 6*h(v) - 7*k(v). Determine q(a).
1
Let x(m) be the third derivative of -m**4/8 + 10*m**2. What is x(-1)?
3
Let s(h) = -3 + 505*h - 510*h + 3. Give s(4).
-20
Let c = -82 - -77. Let z(t) = -5 + 0*t - 3*t - t. Let r(q) = -q - 1. Let w(h) = 5*r(h) - z(h). What is w(c)?
5
Let i = -12 - -8. Let h(b) = b**3 + 3*b**2 - 4*b - 3. Give h(i).
-3
Let w(l) = 2*l - 2. Let r be w(3). Let c(q) = -q + 5. Let u(